hat is 10011110111111000001 (base 2) in base 10?
651201
300614 (base 13) to base 12
459252
-797768 (base 10) to base 5
-201012033
Convert 4c43b4 (base 15) to base 8.
15753120
Convert -1033555 (base 6) to base 13.
-1a525
Convert -2222201100 (base 5) to base 14.
-910d16
What is -111001222 (base 4) in base 8?
-250152
What is 213022420 (base 5) in base 14?
198bd2
Convert -10210202000120 (base 3) to base 6.
-111202153
Convert -2716063 (base 9) to base 12.
-5b87a9
-2034862 (base 10) to base 2
-111110000110010101110
Convert -300333022 (base 4) to base 15.
-3e6ba
What is -716322 (base 8) in base 3?
-110000202200
Convert -6a07a3 (base 11) to base 2.
-100001111111001001100
What is 4210566 (base 7) in base 8?
1736030
What is -21120112101 (base 3) in base 16?
-24670
What is -130211300301 (base 4) in base 9?
-15082720
Convert -22707742 (base 8) to base 12.
-17a9916
What is -2847392 (base 10) in base 7?
-33126302
33680 (base 9) to base 5
1204203
What is -3021230 (base 5) in base 2?
-1011110010111011
-14157660 (base 8) to base 5
-1304443432
1000022313 (base 5) to base 13
535942
151858 (base 10) to base 9
251271
2291ff (base 16) to base 13
6142bb
-11113302322 (base 4) to base 9
-2575601
-79336 (base 10) to base 16
-135e8
Convert 24627 (base 15) to base 2.
11100010110101001
Convert 1488353 (base 9) to base 11.
514855
Convert -102412 (base 5) to base 14.
-13aa
203434533 (base 6) to base 11
1aa5100
What is 23312200020 (base 4) in base 15?
415819
What is -113010132020 (base 4) in base 14?
-b35d32
33759 (base 15) to base 16
27f4b
Convert 43652545 (base 7) to base 3.
21002002000201
89894 (base 12) to base 5
21321304
-110100100101111011101101 (base 2) to base 8
-64457355
Convert 573482 (base 14) to base 3.
12120202011220
What is -7adc (base 14) in base 6?
-242522
-1948690 (base 10) to base 15
-2875ca
Convert 2c753d (base 14) to base 13.
426843
Convert -3675c (base 16) to base 5.
-24114233
Convert 31311301 (base 4) to base 2.
1101110101110001
Convert -2d5565 (base 15) to base 12.
-89a2a2
-4089 (base 11) to base 2
-1010100101101
What is 210121220110210 (base 3) in base 4?
223311322212
4020253 (base 6) to base 9
317626
-20304111 (base 5) to base 7
-1261264
-106a80 (base 11) to base 13
-5c6b9
What is 514593 (base 10) in base 5?
112431333
What is -223220 (base 5) in base 16?
-1eff
What is -12220023301 (base 4) in base 13?
-48aaa7
Convert -34176331 (base 8) to base 2.
-11100001111110011011001
Convert -100100011001001010100 (base 2) to base 7.
-13064525
What is -111109 (base 16) in base 6?
-35550041
-2200055 (base 8) to base 14
-114d77
8c79d (base 14) to base 13
bc73a
195045 (base 10) to base 8
574745
What is -101011322 (base 5) in base 10?
-407087
What is -10011122220021 (base 3) in base 4?
-12123221113
What is 410250 (base 6) in base 3?
1122120210
-322120132032 (base 4) to base 14
-2065690
20022210100020 (base 3) to base 11
1996742
Convert 14036210 (base 9) to base 4.
122130213201
-140602 (base 9) to base 7
-505043
1101010101010100 (base 2) to base 16
d554
What is -197735 (base 10) in base 2?
-110000010001100111
What is 100003121 (base 4) in base 8?
200331
Convert -10002003001 (base 4) to base 6.
-34353201
What is 2231043 (base 5) in base 14?
10591
-a00062 (base 13) to base 8
-16123762
510420 (base 7) to base 3
11101212010
3342134241 (base 5) to base 13
16b5503
14342433 (base 5) to base 15
30463
What is -5800552 (base 10) in base 4?
-112020021220
Convert 1152160 (base 9) to base 16.
988f8
What is -689911 (base 12) in base 10?
-1675741
Convert -100111010101010111 (base 2) to base 16.
-27557
Convert 50b85 (base 12) to base 2.
11001101110010101
ca506 (base 16) to base 15
115803
93931 (base 13) to base 12
109581
What is 761022 (base 8) in base 15?
50607
Convert -16eb9a (base 16) to base 4.
-11232232122
Convert -440413322 (base 5) to base 15.
-2748ac
What is 1417515 (base 8) in base 2?
1100001111101001101
1141055 (base 10) to base 2
100010110100100111111
Convert 69690 (base 11) to base 16.
1892a
Convert 3323323 (base 6) to base 16.
28b03
-1b099b0 (base 12) to base 8
-25713124
Convert -4077176 (base 10) to base 6.
-223215452
Convert -15319378 (base 10) to base 15.
-152911d
50efe1 (base 16) to base 6
305404521
What is -1323601 (base 10) in base 14?
-26650d
What is 62241612 (base 7) in base 6?
303520340
What is -100110001111111011101010 (base 2) in base 12?
-343660a
-2200220011 (base 3) to base 7
-310633
2b072 (base 14) to base 9
172837
What is 152313 (base 9) in base 7?
536535
Convert -51244143 (base 6) to base 14.
-2a2db1
Convert 10122302020 (base 4) to base 11.
721262
Convert 214421103 (base 5) to base 16.
e4762
What is -249bd (base 14) in base 6?
-1531243
What is -117332 (base 8) in base 7?
-226363
What is 5769944 (base 10) in base 3?
101212010212122
Convert -277525 (base 10) to base 12.
-114731
104102404 (base 5) to base 9
765307
Convert 5388149 (base 11) to base 12.
3207838
Convert 57900 (base 13) to base 15.
324c0
Convert -310030221 (base 4) to base 16.
-34329
-86f19 (base 16) to base 11
-348301
What is 121643434 (base 7) in base 14?
102c9c4
Convert -69abd (base 15) to base 16.
-522a9
What is 120010201100100 (base 3) in base 5?
4024413032
-30671150 (base 8) to base 13
-147262a
What is -43a758 (base 12) in base 15?
-163bb2
-c3889 (base 14) to base 7
-4000632
Convert 1101001111010010111001 (base 2) to base 3.
20112022122211
-15753267 (base 8) to base 6
-210233515
5302001 (base 7) to base 9
1174022
6410042 (base 7) to base 2
10111101010110000001
What is -4534245 (base 6) in base 4?
-320033111
664637 (base 8) to base 3
102100210020
What is 346462 (base 7) in base 5?
3443243
Convert -117bcb (base 14) to base 5.
-123112113
Convert 41401304 (base 5) to base 9.
568468
Convert -19368a (base 11) to base 13.
-a5622
a618 (base 15) to base 10
35123
What is -10020011221 (base 3) in base 12?
-30944
Convert -349d8 (base 15) to base 11.
-104a17
-356814 (base 11) to base 14
-10a047
Convert ba477 (base 15) to base 4.
2100130111
Convert 211101102 (base 3) to base 7.
65402
-33573 (base 8) to base 9
-21431
-1188c9 (base 15) to base 2
-11001100110101001101
Convert -1173264 (base 8) to base 2.
-1001111011010110100
1000100100001111001101 (base 2) to base 6
120044113
505260 (base 8) to base 5
20312301
Convert -242541 (base 9) to base 5.
-14134432
-1443412304 (base 5) to base 13
-a61b7b
What is 245d4 (base 15) in base 12?
5720a
What is -2033222303 (base 5) in base 16?
-400400
What is -441790 (base 10) in base 14?
-b7006
-3252991 (base 12) to base 11
-5442769
Convert 140421444 (base 5) to base 16.
af144
-8145c (base 14) to base 3
-120210112020
Convert -43fc1 (base 16) to base 2.
-1000011111111000001
Convert 27ba19 (base 16) to base 14.
4bab57
Convert 64103651 (base 8) to base 4.
310020132221
What is 1e1749 (base 16) in base 3?
10201012010120
-660623 (base 11) to base 8
-4014267
4cbc (base 15) to base 2
11111111111001
Convert 4215316 (base 7) to base 16.
7c246
What is -211053215 (base 6) in base 9?
-6847802
Convert -1001010111111110100010 (base 2) to base 10.
-2457506
What is -2c237 (base 13) in base 9?
-137038
-12342010 (base 5) to base 4
-131222201
What is -4455244 (base 8) in base 14?
-234500
Convert -220442 (base 7) to base 14.
-10122
What is 2222310 (base 5) in base 3?
1222121102
-1101010111011010010 (base 2) to base 12
-191556
What is 11134223 (base 5) in base 14?
2829b
What is 2000212010200 (base 3) in base 6?
35050500
Convert 17ed (base 16) to base 13.
2a32
What is 2b03ce (base 16) in base 11?
1655a78
What is 100010100000001001 (base 2) in base 13?
4c42b
Convert -3176aa (base 12) to base 8.
-2764042
Convert -5334771 (base 10) to base 2.
-10100010110011011110011
110010101001010100 (base 2) to base 11
131946
2221368 (base 9) to base 14
23178c
13588666 (base 9) to base 12
23075a3
Convert -1000000011111101100010 (base 2) to base 4.
-20003331202
What is -747583 (base 10) in base 14?
-15662b
What is -323310415 (base 6) in base 2?
-10101111111000110001011
335504022 (base 6) to base 3
102120112112112
-3171155 (base 8) to base 2
-11001111001001101101
Convert 497923 (base 12) to base 15.
1892b6
48649 (base 13) to base 15
2959a
Convert -6244 (base 14) to base 6.
-210152
Convert -26312362 (base 7) to base 2.
-1001001011100100010111
Convert 19ec01 (base 16) to base 10.
1698817
What is -62823 (base 10